{"id":108,"date":"2011-01-29T21:39:42","date_gmt":"2011-01-29T20:39:42","guid":{"rendered":"http:\/\/meinungsterror.de\/?page_id=108"},"modified":"2013-01-21T22:48:10","modified_gmt":"2013-01-21T21:48:10","slug":"vorbild-england","status":"publish","type":"page","link":"http:\/\/meinungsterror.de\/?page_id=108","title":{"rendered":"England"},"content":{"rendered":"<p>The Guardian 16.01.2013: <a href=\"http:\/\/www.guardian.co.uk\/world\/us-news-blog\/2013\/jan\/16\/gun-laws-need-to-know\">Gun laws in the US: seven things you need to know about the data<\/a><\/p>\n<p>The Guardian 13.01.2013:<a href=\"http:\/\/www.guardian.co.uk\/news\/datablog\/2012\/jul\/22\/gun-homicides-ownership-world-list#data\"> Gun homicides and gun ownership listed by country<\/a><\/p>\n<p><a href=\"http:\/\/www.dailymail.co.uk\/news\/article-1196941\/The-violent-country-Europe-Britain-worse-South-Africa-U-S.html#ixzz2HQDkC3re\">Dailymail 2. Juli 2009: The most violent country in Europe: Britain is also worse than South Africa and U.S.<\/a><\/p>\n<p><a target=\"_blank\" href=\"http:\/\/www.telegraph.co.uk\/news\/uknews\/law-and-order\/6438601\/Gun-crime-doubles-in-a-decade.html\"><img src='http:\/\/meinungsterror.de\/wp-content\/uploads\/2011\/03\/mt_telegraph_a.png' alt='mt_telegraph_a.png' \/><\/a><\/p>\n<p>In Gro\u00c3\u0178britannien besteht ein totales Kurzwaffenverbot. Damit stellt das Waffenrecht auf der Insel f\u00c3\u00bcr deutsche Antiwaffenhysteriker <em>das<\/em> Vorbild schlechthin dar.<\/p>\n<p>Meinungsterror.de wollte es genau wissen und hat mal genauer hingeguckt, wie friedlich es jetzt auf der Insel zugeht, wo der legale, private Waffenbesitz so massiv eingeschr\u00c3\u00a4nkt wurde.<\/p>\n<p>Hier folgen nun in loser Folge entsprechende Meldungen aus dem &#8222;gelobten Land&#8220; der Hoplophoben:<\/p>\n<p><strong>Meldung vom 11.11.2011:<\/strong><br \/>\n<a href=\"http:\/\/www.guardian.co.uk\/world\/2011\/nov\/11\/met-investigated-funeral-shooting\">Met police to be investigated over south London funeral shooting<\/a><\/p>\n<p><strong>Meldung vom 30.03.2011:<\/strong><br \/>\n<a href=\"http:\/\/www.guardian.co.uk\/uk\/2011\/mar\/30\/gang-violence-girl-shot-london?INTCMP=ILCNETTXT3487\">Gang violence blamed as five-year-old girl is shot in south London<\/a><\/p>\n<p><strong>Meldung vom 26.01.2011:<\/strong><br \/>\n<a href=\"http:\/\/www.dailymail.co.uk\/news\/article-1350783\/Football-fan-shot-dead-90-year-old-gun-watched-Match-Day.html\">www.dailymail.co.uk<\/a><\/p>\n<blockquote><p>Football fan shot dead with 1920s gun as he watched Match Of The Day with girlfriend<\/p>\n<p>A window cleaner murdered while watching Match Of The Day with his girlfriend was shot dead by a gun dating from the 1920s.<\/p>\n<p>Police believe Ricardo Cunha, 23 &#8211; who was shot once in the head after being disturbed by noises outside his south London flat &#8211; was the victim of mistaken identity after they failed to discover a motive for the killing. They say that the Portuguese man had no links to the crime world.<br \/>\nThe shooting took place on September 11 last year in West Norwood. (&#8230;)<\/p><\/blockquote>\n<p><strong>Meldung vom 26.01.2011:<\/strong><br \/>\n<a href=\"http:\/\/menmedia.co.uk\/manchestereveningnews\/news\/crime\/s\/1406290_smuggled_gun_used_in_wythenshawe_driveby_shooting\">&#8218;Smuggled gun&#8216; used in Wythenshawe drive-by shooting<\/a><\/p>\n<p><strong>Meldung vom 24.01.2011:<\/strong><br \/>\n<a href=\"http:\/\/www.bbc.co.uk\/news\/uk-england-merseyside-12264284\">Murdered Liverpool man in previous gun attack<\/a><\/p>\n<p><strong>Meldung vom 18.01.2011:<\/strong><br \/>\n<a href=\"http:\/\/www.thisiskent.co.uk\/news\/Kent-officers-speak-Dover-shooting-victim\/article-3113343-detail\/article.html\">Kent Police officers to speak to Dover shooting victim<\/a><\/p>\n<p><strong>Meldung vom 3.11.2009:<\/strong><br \/>\n<a href=\"http:\/\/www.guardian.co.uk\/uk\/2009\/nov\/03\/london-gun-crime-shootings-rise?INTCMP=ILCNETTXT3487\">London gun crime rises as shootings nearly double<\/a><\/p>\n<blockquote><p>Shooting incidents in London have almost doubled compared with the same period last year, prompting grave concerns that gun crime in some areas is out of control.<\/p>\n<p>Scotland Yard has admitted a 17% rise in overall firearms offences, although the Metropolitan police chief, Sir Paul Stephenson, has put that down to a blip.<\/p>\n<p>Stephenson last week dropped a plan to put routine armed patrols on the streets, saying that although gun crime had risen it was still lower than two years ago and he was not willing to sanction such a dramatic departure from the principle of unarmed policing. However, the true scale of the increases is contained in figures being presented on Thursday to the Metropolitan police authority.<\/p>\n<p>They reveal that the number of actual shootings has almost doubled from 123 to 236 in the last six months compared with the same period last year, a rise of 91.8%. Serious firearms offences have risen by 47% across the capital.<\/p><\/blockquote>\n<p><strong>Meldung vom 27.10.2009:<\/strong><br \/>\n<a href=\"http:\/\/www.telegraph.co.uk\/news\/uknews\/law-and-order\/6438601\/Gun-crime-doubles-in-a-decade.html\">Gun crime doubles in a decade<\/a><\/p>\n<p>Nicht schlecht f\u00c3\u00bcr eine Gegend, die weder Transitland ist noch an L\u00c3\u00a4nder grenzt, aus denen mehr oder weniger viel Nachschub an Schusswaffen hereingeschmuggelt wird. Der ehemalige Ostblock ist weit weg, genau wie der Balkan.<\/p>\n<p>Im Gegensatz zu Deutschland haben die Insulaner auch nicht zwei Weltkriege verloren, in deren Folge Millionen Milit\u00c3\u00a4rwaffen nach 1918 bzw. 1945 im Land versickert sind. Die Rote Armee war dort auch nie stationiert, folglich gab es auch keine Gelegenheit, f\u00c3\u00bcr ein paar Pfund g\u00c3\u00bcnstig Kalashnikovs oder Makarovs zu ergattern.<\/p>\n<p><strong>Artikel vom 30.08.2008<\/strong><\/p>\n<p><a href=\"http:\/\/www.guardian.co.uk\/uk\/2008\/aug\/30\/ukcrime1?INTCMP=SRCH\">Firearms: cheap, easy to get and on a street near you<\/a><\/p>\n<p><strong>Waffenrecht in England (Wikipedia):<\/strong><br \/>\n<a target=\"_blank\" href=\"http:\/\/en.wikipedia.org\/wiki\/Gun_politics_in_the_United_Kingdom\">http:\/\/en.wikipedia.org\/wiki\/Gun_politics_in_the_United_Kingdom<\/a><\/p>\n<p><strong>Timesonline-Artikel aus 2005:<\/strong><br \/>\n<a href=\"http:\/\/www.timesonline.co.uk\/tol\/news\/uk\/scotland\/article568032.ece\">Scotland tops UN\u00e2\u20ac\u2122s violence league<\/a><\/p>\n<p><strong>Britische Pro-Waffen-Seite:<\/strong><\/p>\n<p><a href=\"http:\/\/armbritain.com\/\"><img decoding=\"async\" src=\"http:\/\/armbritain.com\/images\/forumbanner.jpg\" alt=\"\" \/><br \/>\n<a href=\"http:\/\/armbritain.com\/\">Arm Britain.com<\/a><\/a><\/p>\n<p>Statistik England\/Wales:<\/p>\n<p><a href=\"http:\/\/www.homeoffice.gov.uk\/publications\/science-research-statistics\/research-statistics\/crime-research\/hosb0212\/\">Homicides, Firearm Offences and Intimate Violence 2010\/11: Supplementary Volume 2 to Crime in England and Wales 2010\/11<\/a><\/p>\n","protected":false},"excerpt":{"rendered":"<p>The Guardian 16.01.2013: Gun laws in the US: seven things you need to know about the data The Guardian 13.01.2013: Gun homicides and gun ownership listed by country Dailymail 2. Juli 2009: The most violent country in Europe: Britain is also worse than South Africa and U.S. In Gro\u00c3\u0178britannien besteht ein totales Kurzwaffenverbot. Damit stellt [&hellip;]<\/p>\n","protected":false},"author":1,"featured_media":0,"parent":0,"menu_order":0,"comment_status":"open","ping_status":"open","template":"","meta":{"footnotes":""},"class_list":["post-108","page","type-page","status-publish","hentry"],"_links":{"self":[{"href":"http:\/\/meinungsterror.de\/index.php?rest_route=\/wp\/v2\/pages\/108"}],"collection":[{"href":"http:\/\/meinungsterror.de\/index.php?rest_route=\/wp\/v2\/pages"}],"about":[{"href":"http:\/\/meinungsterror.de\/index.php?rest_route=\/wp\/v2\/types\/page"}],"author":[{"embeddable":true,"href":"http:\/\/meinungsterror.de\/index.php?rest_route=\/wp\/v2\/users\/1"}],"replies":[{"embeddable":true,"href":"http:\/\/meinungsterror.de\/index.php?rest_route=%2Fwp%2Fv2%2Fcomments&post=108"}],"version-history":[{"count":0,"href":"http:\/\/meinungsterror.de\/index.php?rest_route=\/wp\/v2\/pages\/108\/revisions"}],"wp:attachment":[{"href":"http:\/\/meinungsterror.de\/index.php?rest_route=%2Fwp%2Fv2%2Fmedia&parent=108"}],"curies":[{"name":"wp","href":"https:\/\/api.w.org\/{rel}","templated":true}]}}