{"id":479,"date":"2013-01-17T11:39:57","date_gmt":"2013-01-17T10:39:57","guid":{"rendered":"http:\/\/meinungsterror.de\/?page_id=479"},"modified":"2021-06-07T07:01:03","modified_gmt":"2021-06-07T06:01:03","slug":"usa","status":"publish","type":"page","link":"http:\/\/meinungsterror.de\/?page_id=479","title":{"rendered":"USA"},"content":{"rendered":"<p>&#8211; Diese Seite befindet sich derzeit im Aufbau &#8211;<\/p>\n<p>&#8222;MacIver Institue: Debunking Every Major Myth About Mass Shootings in America&#8220;<\/p>\n<p><a href=\"https:\/\/www.maciverinstitute.com\/2021\/04\/debunking-every-major-myth-about-mass-shootings-in-america\/\">https:\/\/www.maciverinstitute.com\/2021\/04\/debunking-every-major-myth-about-mass-shootings-in-america\/<\/a><\/p>\n<p>&#8222;WP: Mass Shootings&#8220;<\/p>\n<p><a href=\"https:\/\/www.washingtonpost.com\/graphics\/2018\/national\/mass-shootings-in-america\/\">https:\/\/www.washingtonpost.com\/graphics\/2018\/national\/mass-shootings-in-america\/<\/a><\/p>\n<p>&#8222;The Guardian: Most victims of mass shootings are black&#8220;<\/p>\n<p><a href=\"https:\/\/www.theguardian.com\/us-news\/2016\/may\/23\/mass-shootings-tracker-analysis-us-gun-control-reddit\">https:\/\/www.theguardian.com\/us-news\/2016\/may\/23\/mass-shootings-tracker-analysis-us-gun-control-reddit<\/a><\/p>\n<p><a href=\"https:\/\/www.fbi.gov\/file-repository\/active-shooter-incidents-in-the-us-2019-042820.pdf\/view\">FBI: Active Shooter Incidents 2019<\/a><\/p>\n<p><a href=\"http:\/\/bearingarms.com\/bob-o\/2016\/12\/16\/audit-everytowns-200-school-shootings-since-sandy-hook\/\" target=\"_blank\" rel=\"noopener\">Angeblich 200 school shootings seit Sandy Hook<\/a><\/p>\n<p><a href=\"http:\/\/www.spiegel.de\/panorama\/justiz\/waffengewalt-in-den-usa-mehr-suizide-als-morde-a-1121772.html\" target=\"_blank\" rel=\"noopener\">Spiegel: 30.000 Schusswaffentote, davon 20.000 Suizide<\/a><\/p>\n<p><a href=\"http:\/\/controversialtimes.com\/issues\/constitutional-rights\/12-times-mass-shootings-were-stopped-by-good-guys-with-guns\/\">12 times mass shootings were stopped by good guys with guns<\/a><\/p>\n<p><a href=\"https:\/\/www.cga.ct.gov\/2013\/rpt\/2013-R-0057.htm\">Weapons used in mass shootings<\/a><\/p>\n<p><a href=\"http:\/\/crimeresearch.org\/2016\/05\/share-cprcs-new-infographic-data-on-mass-public-shootings-views-on-gun-ownership-gun-free-zones-etc-3\/\">Crime Prevention Research Center &#8211; Gun Free Zones<\/a><\/p>\n<p><a href=\"http:\/\/www.wnd.com\/2013\/03\/most-murder-victims-in-big-cities-have-criminal-record\/\" target=\"_blank\" rel=\"noopener\">Meiste Mordopfer in US-Gro\u00c3\u0178st\u00c3\u00a4dten vorbestraft<\/a><\/p>\n<p><a href=\"http:\/\/www.welt.de\/vermischtes\/article151317614\/So-morden-die-Gangs-von-New-York-heute.html\" target=\"_blank\" rel=\"noopener\">So morden die Gangs von New York heute<\/a><\/p>\n<p><a href=\"http:\/\/www.gannett-cdn.com\/GDContent\/mass-killings\/index.html#explore\" target=\"_blank\" rel=\"noopener\">USA Today: Auflistung Mass Shotings 2006 &#8211; 2015<\/a><\/p>\n<p><a href=\"http:\/\/politichicks.com\/2016\/01\/daniel-greenfield-america-doesnt-have-a-gun-problem-it-has-a-democrat-problem\/\">Amerika hat kein Waffenproblem, sondern ein Demokratenproblem<\/a><\/p>\n<p><a href=\"https:\/\/mises.org\/blog\/few-gun-laws-new-hampshire-safer-canada\">Kriminalit\u00c3\u00a4tsrate US-Bundesstaaten vs. Kanada-Provinzen<\/a><\/p>\n<p><a href=\"https:\/\/mises.org\/blog\/pew-homicide-rates-cut-half-over-past-20-years-while-new-gun-ownership-soared\">130 Millionen mehr Schusswaffen in den letzten 20 Jahren<\/a><\/p>\n<p><a href=\"http:\/\/countercurrentnews.com\/2015\/12\/have-there-really-been-355-b-b\/#\">Das M\u00c3\u00a4rchen von den 355 mass shootings<\/a><\/p>\n<p><a href=\"http:\/\/wmbriggs.com\/blog\/?p=5969\">USA Homicide Rates: 1950-2010; By Race And Sex<\/a><\/p>\n<p><a href=\"http:\/\/www.deathpenaltyinfo.org\/murder-rates-nationally-and-state\">US-Statistiken Mordrate Death Penalty Information Center<\/a> (DPIC)<\/p>\n<p>Die Welt: <a href=\"http:\/\/www.welt.de\/vermischtes\/article143346240\/Immer-mehr-Waffen-immer-weniger-Morde.html\">Immer mehr Waffen, immer weniger Morde<\/a><\/p>\n<p>Die Welt: <a href=\"http:\/\/www.welt.de\/politik\/ausland\/article123523690\/Experten-verbluefft-ueber-sinkende-Mordrate-in-USA.html\">Experten verbl\u00c3\u00bcfft \u00c3\u00bcber sinkende Mordrate in USA<\/a><\/p>\n<p>The Guardian: <a href=\"http:\/\/www.guardian.co.uk\/world\/interactive\/2013\/jan\/15\/gun-laws-united-states?intcmp=239\">Interaktive \u00c3\u0153bersicht Waffenrecht nach US-Bundesstaat<\/a><\/p>\n<p>The Guardian 16.01.2013: <a href=\"http:\/\/www.guardian.co.uk\/world\/us-news-blog\/2013\/jan\/16\/gun-laws-need-to-know\">Gun laws in the US: seven things you need to know about the data<\/a><\/p>\n<p>The Guardian 13.01.2013:<a href=\"http:\/\/www.guardian.co.uk\/news\/datablog\/2012\/jul\/22\/gun-homicides-ownership-world-list#data\"> Gun homicides and gun ownership listed by country<\/a><\/p>\n<p><strong>USA<\/strong><br \/>\nKriminalit\u00c3\u00a4tsrate<\/p>\n<p><a href=\"http:\/\/www.familyfacts.org\/charts\/830\/violent-crime-has-declined\">http:\/\/www.familyfacts.org\/charts\/830\/violent-crime-has-declined<\/a><\/p>\n<p><a href=\"http:\/\/blog.thejustnation.org\/2012\/06\/gun-sales-still-increasing-crime-rates-still-decreasing\/\">http:\/\/blog.thejustnation.org\/2012\/06\/gun-sales-still-increasing-crime-rates-still-decreasing\/<\/a><\/p>\n<p><a href=\"http:\/\/www.fbi.gov\/news\/pressrel\/press-releases\/fbi-releases-preliminary-annual-crime-statistics-for-2011\">http:\/\/www.fbi.gov\/news\/pressrel\/press-releases\/fbi-releases-preliminary-annual-crime-statistics-for-2011<\/a><\/p>\n<p>NRA<\/p>\n<p><a href=\"http:\/\/www.thegatewaypundit.com\/2012\/12\/sorry-libs-nra-was-there-to-help-blacks-defend-themselves-from-kkk-democrats-not-the-other-way-around\/\">NRA half Schwarzen gegen KKK<\/a><\/p>\n<p><a href=\"http:\/\/www.postindependent.com\/news\/rifle\/6537704-113\/nra-arms-former-pleased\">Neun der ersten zehn NRA-Pr\u00c3\u00a4sidenten k\u00c3\u00a4mpften gegen Sklaverei<\/a><\/p>\n<p><a href=\"http:\/\/www.policymic.com\/articles\/23929\/10-surprising-facts-about-the-nra-that-you-never-hear\">Zehn \u00c3\u00bcberraschende Fakten \u00c3\u00bcber die NRA<\/a><\/p>\n","protected":false},"excerpt":{"rendered":"<p>&#8211; Diese Seite befindet sich derzeit im Aufbau &#8211; &#8222;MacIver Institue: Debunking Every Major Myth About Mass Shootings in America&#8220; https:\/\/www.maciverinstitute.com\/2021\/04\/debunking-every-major-myth-about-mass-shootings-in-america\/ &#8222;WP: Mass Shootings&#8220; https:\/\/www.washingtonpost.com\/graphics\/2018\/national\/mass-shootings-in-america\/ &#8222;The Guardian: Most victims of mass shootings are black&#8220; https:\/\/www.theguardian.com\/us-news\/2016\/may\/23\/mass-shootings-tracker-analysis-us-gun-control-reddit FBI: Active Shooter Incidents 2019 Angeblich 200 school shootings seit Sandy Hook Spiegel: 30.000 Schusswaffentote, davon 20.000 Suizide 12 times [&hellip;]<\/p>\n","protected":false},"author":1,"featured_media":0,"parent":0,"menu_order":0,"comment_status":"open","ping_status":"open","template":"","meta":{"footnotes":""},"class_list":["post-479","page","type-page","status-publish","hentry"],"_links":{"self":[{"href":"http:\/\/meinungsterror.de\/index.php?rest_route=\/wp\/v2\/pages\/479"}],"collection":[{"href":"http:\/\/meinungsterror.de\/index.php?rest_route=\/wp\/v2\/pages"}],"about":[{"href":"http:\/\/meinungsterror.de\/index.php?rest_route=\/wp\/v2\/types\/page"}],"author":[{"embeddable":true,"href":"http:\/\/meinungsterror.de\/index.php?rest_route=\/wp\/v2\/users\/1"}],"replies":[{"embeddable":true,"href":"http:\/\/meinungsterror.de\/index.php?rest_route=%2Fwp%2Fv2%2Fcomments&post=479"}],"version-history":[{"count":16,"href":"http:\/\/meinungsterror.de\/index.php?rest_route=\/wp\/v2\/pages\/479\/revisions"}],"predecessor-version":[{"id":1948,"href":"http:\/\/meinungsterror.de\/index.php?rest_route=\/wp\/v2\/pages\/479\/revisions\/1948"}],"wp:attachment":[{"href":"http:\/\/meinungsterror.de\/index.php?rest_route=%2Fwp%2Fv2%2Fmedia&parent=479"}],"curies":[{"name":"wp","href":"https:\/\/api.w.org\/{rel}","templated":true}]}}