{"id":758,"date":"2015-07-05T15:39:58","date_gmt":"2015-07-05T14:39:58","guid":{"rendered":"http:\/\/meinungsterror.de\/?page_id=758"},"modified":"2015-07-05T15:44:07","modified_gmt":"2015-07-05T14:44:07","slug":"heine","status":"publish","type":"page","link":"http:\/\/meinungsterror.de\/?page_id=758","title":{"rendered":"Heine"},"content":{"rendered":"<div id=\"attachment_759\" style=\"width: 460px\" class=\"wp-caption aligncenter\"><a href=\"http:\/\/meinungsterror.de\/wp-content\/uploads\/2015\/07\/0u_2015_mt_heine_bild_450_a.jpg\"><img loading=\"lazy\" decoding=\"async\" aria-describedby=\"caption-attachment-759\" src=\"http:\/\/meinungsterror.de\/wp-content\/uploads\/2015\/07\/0u_2015_mt_heine_bild_450_a.jpg\" alt=\"Heinrich Heine\" width=\"450\" height=\"250\" class=\"size-full wp-image-759\" srcset=\"http:\/\/meinungsterror.de\/wp-content\/uploads\/2015\/07\/0u_2015_mt_heine_bild_450_a.jpg 450w, http:\/\/meinungsterror.de\/wp-content\/uploads\/2015\/07\/0u_2015_mt_heine_bild_450_a-300x167.jpg 300w\" sizes=\"(max-width: 450px) 100vw, 450px\" \/><\/a><p id=\"caption-attachment-759\" class=\"wp-caption-text\">Heinrich Heine<\/p><\/div>\n<p>Heinrich Heine ist mein Held.<\/p>\n<p>Vor knapp 160 Jahren schrieb Heinrich Heine das Gedicht, welches einem leider deutlich vor Augen f\u00c3\u00bchrt, dass sich die politischen und gesellschaftlichen Zust\u00c3\u00a4nde in Deutschland seither nicht wesentlich ge\u00c3\u00a4ndert haben. Vielleicht sind wir oberfl\u00c3\u00a4chlich &#8222;bunter&#8220; oder &#8222;toleranter&#8220; und alles ist entweder &#8222;ganzheitlich&#8220; oder &#8222;nachhaltig&#8220;. Unter der bunten, toleranten Fassade ist aber alles beim Alten:<\/p>\n<p>Unbeirrte Staatsgl\u00c3\u00a4ubigkeit, ausgepr\u00c3\u00a4gte Untertanenmentalit\u00c3\u00a4t und ein naives, unersch\u00c3\u00bctterliches Vertrauen in die Obrigkeit. Dazu noch kein geringerer Anspruch, als die ganze Welt retten und diese vor ihren uneinsichtigen Bewohnern sch\u00c3\u00bctzen zu m\u00c3\u00bcssen. <\/p>\n<p>Das Ganze kurz zusammengefasst in acht Verse. Hier ist sie, die<\/p>\n<p><strong>Erinnerung aus Kr\u00c3\u00a4hwinkels Schreckenstagen<\/strong><\/p>\n<p>Wir B\u00c3\u00bcrgermeister und Senat,<br \/>\nWir haben folgendes Mandat<br \/>\nStadtv\u00c3\u00a4terlichst an alle Klassen<br \/>\nDer treuen B\u00c3\u00bcrgerschaft erlassen.<\/p>\n<p>Ausl\u00c3\u00a4nder, Fremde, sind es meist,<br \/>\nDie unter uns ges\u00c3\u00a4t den Geist<br \/>\nDer Rebellion. Dergleichen S\u00c3\u00bcnder,<br \/>\nGottlob! sind selten Landeskinder.<\/p>\n<p>Auch Gottesleugner sind es meist;<br \/>\nWer sich von seinem Gotte rei\u00c3\u0178t,<br \/>\nWird endlich auch abtr\u00c3\u00bcnnig werden<br \/>\nVon seinen irdischen Beh\u00c3\u00b6rden.<\/p>\n<p>Der Obrigkeit gehorchen, ist<br \/>\nDie erste Pflicht f\u00c3\u00bcr Jud und Christ.<br \/>\nEs schlie\u00c3\u0178e jeder seine Bude<br \/>\nSobald es dunkelt, Christ und Jude.<\/p>\n<p>Wo ihrer drei beisammen stehn,<br \/>\nDa soll man auseinander gehn.<br \/>\nDes Nachts soll niemand auf den Gassen<br \/>\nSich ohne Leuchte sehen lassen.<\/p>\n<p>Es liefre seine Waffen aus<br \/>\nEin jeder in dem Gildenhaus;<br \/>\nAuch Munition von jeder Sorte<br \/>\nWird deponiert am selben Orte.<\/p>\n<p>Wer auf der Stra\u00c3\u0178e r\u00c3\u00a4soniert,<br \/>\nWird unverz\u00c3\u00bcglich f\u00c3\u00bcsiliert;<br \/>\nDas R\u00c3\u00a4sonieren durch Geb\u00c3\u00a4rden<br \/>\nSoll gleichfalls hart bestrafet werden.<\/p>\n<p>Vertrauet Eurem Magistrat,<br \/>\nDer fromm und liebend sch\u00c3\u00bctzt den Staat<br \/>\nDurch huldreich hochwohlweises Walten;<br \/>\nEuch ziemt es, stets das Maul zu halten.<\/p>\n<p>\u00c3\u201ehnlichkeiten mit real existierenden Verbots-, \u00c3\u0153berwachungs- und anderer staatlichen Allmachtsfantasien sind nat\u00c3\u00bcrlich rein zuf\u00c3\u00a4llig und *h\u00c3\u00bcstel* absolut ungewollt. Von Vorratsdatenspeicherung, Forderungen nach zentraler Waffenaufbewahrung, gesinnungsabh\u00c3\u00a4ngiger Zugestehung von Grundrechten oder gar alternativloser Politik konnte Heinrich Heine schlie\u00c3\u0178lich damals noch nichts wissen&#8230;<\/p>\n<p>Hier folgen in loser Reihenfolge nach und nach noch ein paar Zitate und Verse, die einem den Alltag vers\u00c3\u00bc\u00c3\u0178en:<\/p>\n<p>Ich kenne die Weise, ich kenne den Text,<br \/>\nIch kenn auch die Herren Verfasser;<br \/>\nIch wei\u00c3\u0178, sie tranken heimlich Wein<br \/>\nUnd predigten \u00c3\u00b6ffentlich Wasser.<br \/>\n<em>&#8222;Deutschland. Ein Winterm\u00c3\u00a4rchen. Caput I&#8220;<\/em><\/p>\n<p>Augen gab uns Gott ein Paar,<br \/>\nDa\u00c3\u0178 wir schauen rein und klar;<br \/>\nUm zu glauben, was wir lesen.<br \/>\nW\u00c3\u00a4r ein Auge gnug gewesen.<br \/>\n<em>&#8222;Zur Teleologie&#8220;<\/em><\/p>\n<p>&#8211; wird fortgesetzt &#8211;<\/p>\n","protected":false},"excerpt":{"rendered":"<p>Heinrich Heine ist mein Held. Vor knapp 160 Jahren schrieb Heinrich Heine das Gedicht, welches einem leider deutlich vor Augen f\u00c3\u00bchrt, dass sich die politischen und gesellschaftlichen Zust\u00c3\u00a4nde in Deutschland seither nicht wesentlich ge\u00c3\u00a4ndert haben. Vielleicht sind wir oberfl\u00c3\u00a4chlich &#8222;bunter&#8220; oder &#8222;toleranter&#8220; und alles ist entweder &#8222;ganzheitlich&#8220; oder &#8222;nachhaltig&#8220;. Unter der bunten, toleranten Fassade ist [&hellip;]<\/p>\n","protected":false},"author":1,"featured_media":0,"parent":0,"menu_order":0,"comment_status":"open","ping_status":"closed","template":"","meta":{"footnotes":""},"class_list":["post-758","page","type-page","status-publish","hentry"],"_links":{"self":[{"href":"http:\/\/meinungsterror.de\/index.php?rest_route=\/wp\/v2\/pages\/758"}],"collection":[{"href":"http:\/\/meinungsterror.de\/index.php?rest_route=\/wp\/v2\/pages"}],"about":[{"href":"http:\/\/meinungsterror.de\/index.php?rest_route=\/wp\/v2\/types\/page"}],"author":[{"embeddable":true,"href":"http:\/\/meinungsterror.de\/index.php?rest_route=\/wp\/v2\/users\/1"}],"replies":[{"embeddable":true,"href":"http:\/\/meinungsterror.de\/index.php?rest_route=%2Fwp%2Fv2%2Fcomments&post=758"}],"version-history":[{"count":6,"href":"http:\/\/meinungsterror.de\/index.php?rest_route=\/wp\/v2\/pages\/758\/revisions"}],"predecessor-version":[{"id":766,"href":"http:\/\/meinungsterror.de\/index.php?rest_route=\/wp\/v2\/pages\/758\/revisions\/766"}],"wp:attachment":[{"href":"http:\/\/meinungsterror.de\/index.php?rest_route=%2Fwp%2Fv2%2Fmedia&parent=758"}],"curies":[{"name":"wp","href":"https:\/\/api.w.org\/{rel}","templated":true}]}}

<div id="attachment_759" style="width: 460px" class="wp-caption aligncenter"><a href="http://meinungsterror.de/wp-content/uploads/2015/07/0u_2015_mt_heine_bild_450_a.jpg"><img loading="lazy" decoding="async" aria-describedby="caption-attachment-759" src="http://meinungsterror.de/wp-content/uploads/2015/07/0u_2015_mt_heine_bild_450_a.jpg" alt="Heinrich Heine" width="450" height="250" class="size-full wp-image-759" srcset="http://meinungsterror.de/wp-content/uploads/2015/07/0u_2015_mt_heine_bild_450_a.jpg 450w, http://meinungsterror.de/wp-content/uploads/2015/07/0u_2015_mt_heine_bild_450_a-300x167.jpg 300w" sizes="(max-width: 450px) 100vw, 450px" /></a><p id="caption-attachment-759" class="wp-caption-text">Heinrich Heine</p></div>
<p>Heinrich Heine ist mein Held.</p>
<p>Vor knapp 160 Jahren schrieb Heinrich Heine das Gedicht, welches einem leider deutlich vor Augen fÃ¼hrt, dass sich die politischen und gesellschaftlichen ZustÃ¤nde in Deutschland seither nicht wesentlich geÃ¤ndert haben. Vielleicht sind wir oberflÃ¤chlich &#8222;bunter&#8220; oder &#8222;toleranter&#8220; und alles ist entweder &#8222;ganzheitlich&#8220; oder &#8222;nachhaltig&#8220;. Unter der bunten, toleranten Fassade ist aber alles beim Alten:</p>
<p>Unbeirrte StaatsglÃ¤ubigkeit, ausgeprÃ¤gte UntertanenmentalitÃ¤t und ein naives, unerschÃ¼tterliches Vertrauen in die Obrigkeit. Dazu noch kein geringerer Anspruch, als die ganze Welt retten und diese vor ihren uneinsichtigen Bewohnern schÃ¼tzen zu mÃ¼ssen. </p>
<p>Das Ganze kurz zusammengefasst in acht Verse. Hier ist sie, die</p>
<p><strong>Erinnerung aus KrÃ¤hwinkels Schreckenstagen</strong></p>
<p>Wir BÃ¼rgermeister und Senat,<br />
Wir haben folgendes Mandat<br />
StadtvÃ¤terlichst an alle Klassen<br />
Der treuen BÃ¼rgerschaft erlassen.</p>
<p>AuslÃ¤nder, Fremde, sind es meist,<br />
Die unter uns gesÃ¤t den Geist<br />
Der Rebellion. Dergleichen SÃ¼nder,<br />
Gottlob! sind selten Landeskinder.</p>
<p>Auch Gottesleugner sind es meist;<br />
Wer sich von seinem Gotte reiÃŸt,<br />
Wird endlich auch abtrÃ¼nnig werden<br />
Von seinen irdischen BehÃ¶rden.</p>
<p>Der Obrigkeit gehorchen, ist<br />
Die erste Pflicht fÃ¼r Jud und Christ.<br />
Es schlieÃŸe jeder seine Bude<br />
Sobald es dunkelt, Christ und Jude.</p>
<p>Wo ihrer drei beisammen stehn,<br />
Da soll man auseinander gehn.<br />
Des Nachts soll niemand auf den Gassen<br />
Sich ohne Leuchte sehen lassen.</p>
<p>Es liefre seine Waffen aus<br />
Ein jeder in dem Gildenhaus;<br />
Auch Munition von jeder Sorte<br />
Wird deponiert am selben Orte.</p>
<p>Wer auf der StraÃŸe rÃ¤soniert,<br />
Wird unverzÃ¼glich fÃ¼siliert;<br />
Das RÃ¤sonieren durch GebÃ¤rden<br />
Soll gleichfalls hart bestrafet werden.</p>
<p>Vertrauet Eurem Magistrat,<br />
Der fromm und liebend schÃ¼tzt den Staat<br />
Durch huldreich hochwohlweises Walten;<br />
Euch ziemt es, stets das Maul zu halten.</p>
<p>Ã„hnlichkeiten mit real existierenden Verbots-, Ãœberwachungs- und anderer staatlichen Allmachtsfantasien sind natÃ¼rlich rein zufÃ¤llig und *hÃ¼stel* absolut ungewollt. Von Vorratsdatenspeicherung, Forderungen nach zentraler Waffenaufbewahrung, gesinnungsabhÃ¤ngiger Zugestehung von Grundrechten oder gar alternativloser Politik konnte Heinrich Heine schlieÃŸlich damals noch nichts wissen&#8230;</p>
<p>Hier folgen in loser Reihenfolge nach und nach noch ein paar Zitate und Verse, die einem den Alltag versÃ¼ÃŸen:</p>
<p>Ich kenne die Weise, ich kenne den Text,<br />
Ich kenn auch die Herren Verfasser;<br />
Ich weiÃŸ, sie tranken heimlich Wein<br />
Und predigten Ã¶ffentlich Wasser.<br />
<em>&#8222;Deutschland. Ein WintermÃ¤rchen. Caput I&#8220;</em></p>
<p>Augen gab uns Gott ein Paar,<br />
DaÃŸ wir schauen rein und klar;<br />
Um zu glauben, was wir lesen.<br />
WÃ¤r ein Auge gnug gewesen.<br />
<em>&#8222;Zur Teleologie&#8220;</em></p>
<p>&#8211; wird fortgesetzt &#8211;</p>

<p>Heinrich Heine ist mein Held. Vor knapp 160 Jahren schrieb Heinrich Heine das Gedicht, welches einem leider deutlich vor Augen fÃ¼hrt, dass sich die politischen und gesellschaftlichen ZustÃ¤nde in Deutschland seither nicht wesentlich geÃ¤ndert haben. Vielleicht sind wir oberflÃ¤chlich &#8222;bunter&#8220; oder &#8222;toleranter&#8220; und alles ist entweder &#8222;ganzheitlich&#8220; oder &#8222;nachhaltig&#8220;. Unter der bunten, toleranten Fassade ist [&hellip;]</p>
